
What are the prime factors of 11788?
2, 7, 421
What are the prime factors of 3653?
13, 281
List the prime factors of 3551.
53, 67
List the prime factors of 41602.
2, 11, 31, 61
What are the prime factors of 173575?
5, 53, 131
What are the prime factors of 1540?
2, 5, 7, 11
What are the prime factors of 9252?
2, 3, 257
List the prime factors of 98710.
2, 5, 9871
List the prime factors of 3478.
2, 37, 47
What are the prime factors of 3206?
2, 7, 229
List the prime factors of 12503.
12503
List the prime factors of 31.
31
What are the prime factors of 3806?
2, 11, 173
List the prime factors of 19043.
137, 139
List the prime factors of 11878.
2, 5939
List the prime factors of 4546.
2, 2273
What are the prime factors of 1362?
2, 3, 227
What are the prime factors of 573?
3, 191
List the prime factors of 81176.
2, 73, 139
What are the prime factors of 8309?
7, 1187
What are the prime factors of 16801?
53, 317
What are the prime factors of 620?
2, 5, 31
What are the prime factors of 3449?
3449
List the prime factors of 5109.
3, 13, 131
List the prime factors of 18736.
2, 1171
List the prime factors of 21358.
2, 59, 181
What are the prime factors of 51869?
51869
What are the prime factors of 39507?
3, 13, 1013
List the prime factors of 1802.
2, 17, 53
List the prime factors of 3839.
11, 349
List the prime factors of 1826.
2, 11, 83
What are the prime factors of 12427?
17, 43
List the prime factors of 909.
3, 101
List the prime factors of 3172.
2, 13, 61
What are the prime factors of 4864?
2, 19
List the prime factors of 10699.
13, 823
What are the prime factors of 1833?
3, 13, 47
List the prime factors of 6336.
2, 3, 11
List the prime factors of 617.
617
What are the prime factors of 2780?
2, 5, 139
List the prime factors of 13505.
5, 37, 73
What are the prime factors of 32630?
2, 5, 13, 251
List the prime factors of 725.
5, 29
What are the prime factors of 33329?
33329
List the prime factors of 68296.
2, 8537
List the prime factors of 889.
7, 127
List the prime factors of 4173.
3, 13, 107
What are the prime factors of 4013?
4013
What are the prime factors of 531?
3, 59
List the prime factors of 19615.
5, 3923
List the prime factors of 2794.
2, 11, 127
What are the prime factors of 11215?
5, 2243
List the prime factors of 5897.
5897
List the prime factors of 8943.
3, 11, 271
What are the prime factors of 147?
3, 7
What are the prime factors of 3262?
2, 7, 233
List the prime factors of 105908.
2, 11, 29, 83
What are the prime factors of 8644?
2, 2161
What are the prime factors of 32625?
3, 5, 29
What are the prime factors of 7472?
2, 467
List the prime factors of 2425.
5, 97
List the prime factors of 6543.
3, 727
List the prime factors of 835.
5, 167
What are the prime factors of 10918?
2, 53, 103
What are the prime factors of 29367?
3, 13, 251
List the prime factors of 11837.
7, 19, 89
List the prime factors of 193.
193
List the prime factors of 41615.
5, 7, 29, 41
List the prime factors of 281.
281
What are the prime factors of 991?
991
List the prime factors of 129195.
3, 5, 11, 29
List the prime factors of 292.
2, 73
What are the prime factors of 719?
719
What are the prime factors of 3770?
2, 5, 13, 29
What are the prime factors of 680?
2, 5, 17
What are the prime factors of 1186?
2, 593
List the prime factors of 1419.
3, 11, 43
List the prime factors of 6272.
2, 7
What are the prime factors of 2593?
2593
List the prime factors of 66857.
7, 9551
List the prime factors of 5897.
5897
List the prime factors of 1512.
2, 3, 7
List the prime factors of 940.
2, 5, 47
What are the prime factors of 93174?
2, 3, 53, 293
What are the prime factors of 32971?
32971
List the prime factors of 1057.
7, 151
What are the prime factors of 1651?
13, 127
What are the prime factors of 1148?
2, 7, 41
What are the prime factors of 3738?
2, 3, 7, 89
What are the prime factors of 35683?
17, 2099
List the prime factors of 1496.
2, 11, 17
What are the prime factors of 928?
2, 29
List the prime factors of 453.
3, 151
What are the prime factors of 262?
2, 131
List the prime factors of 44673.
3, 14891
List the prime factors of 2243.
2243
List the prime factors of 5145.
3, 5, 7
What are the prime factors of 336?
2, 3, 7
What are the prime factors of 90330?
2, 3, 5, 3011
List the prime factors of 69445.
5, 17, 19, 43
List the prime factors of 1287.
3, 11, 13
What are the prime factors of 5026?
2, 7, 359
What are the prime factors of 57456?
2, 3, 7, 19
List the prime factors of 5605.
5, 19, 59
List the prime factors of 4553.
29, 157
List the prime factors of 1986.
2, 3, 331
List the prime factors of 2749.
2749
List the prime factors of 731.
17, 43
List the prime factors of 2000.
2, 5
What are the prime factors of 82?
2, 41
What are the prime factors of 28?
2, 7
List the prime factors of 19449.
3, 2161
What are the prime factors of 146961?
3, 5443
What are the prime factors of 5711?
5711
List the prime factors of 20479.
20479
What are the prime factors of 2164?
2, 541
List the prime factors of 65650.
2, 5, 13, 101
What are the prime factors of 99268?
2, 13, 23, 83
What are the prime factors of 1440?
2, 3, 5
What are the prime factors of 139?
139
List the prime factors of 635.
5, 127
List the prime factors of 789.
3, 263
What are the prime factors of 500?
2, 5
What are the prime factors of 3817?
11, 347
List the prime factors of 4330.
2, 5, 433
What are the prime factors of 15348?
2, 3, 1279
List the prime factors of 4110.
2, 3, 5, 137
List the prime factors of 1702.
2, 23, 37
What are the prime factors of 14959?
7, 2137
List the prime factors of 126717.
3, 42239
List the prime factors of 35719.
23, 1553
List the prime factors of 10399.
10399
List the prime factors of 53875.
5, 431
What are the prime factors of 15108?
2, 3, 1259
List the prime factors of 5131.
7, 733
What are the prime factors of 14657?
14657
What are the prime factors of 2111?
2111
List the prime factors of 4623.
3, 23, 67
What are the prime factors of 6117?
3, 2039
What are the prime factors of 1018?
2, 509
List the prime factors of 1472.
2, 23
What are the prime factors of 2204?
2, 19, 29
What are the prime factors of 4099?
4099
List the prime factors of 42559.
11, 53, 73
What are the prime factors of 2252?
2, 563
What are the prime factors of 13308?
2, 3, 1109
What are the prime factors of 953?
953
List the prime factors of 7393.
7393
List the prime factors of 1240.
2, 5, 31
What are the prime factors of 1381?
1381
What are the prime factors of 663?
3, 13, 17
List the prime factors of 17583.
3, 5861
What are the prime factors of 493?
17, 29
List the prime factors of 15346.
2, 7673
What are the prime factors of 34?
2, 17
What are the prime factors of 3065?
5, 613
What are the prime factors of 11217?
3, 3739
What are the prime factors of 2244?
2, 3, 11, 17
What are the prime factors of 24988?
2, 6247
What are the prime factors of 106081?
43, 2467
List the prime factors of 158.
2, 79
What are the prime factors of 1274?
2, 7, 13
List the prime factors of 35730.
2, 3, 5, 397
What are the prime factors of 622?
2, 311
List the prime factors of 4992.
2, 3, 13
What are the prime factors of 5766?
2, 3, 31
What are the prime factors of 1562?
2, 11, 71
List the prime factors of 3028.
2, 757
What are the prime factors of 5833?
19, 307
List the prime factors of 903.
3, 7, 43
What are the prime factors of 1682?
2, 29
List the prime factors of 2345.
5, 7, 67
What are the prime factors of 11559?
3, 3853
List the prime factors of 31774.
2, 15887
List the prime factors of 4392.
2, 3, 61
List the prime factors of 22008.
2, 3, 7, 131
What are the prime factors of 17981?
17981
What are the prime factors of 256?
2
What are the prime factors of 46213?
37, 1249
List the prime factors of 33396.
2, 3, 11, 23
What are the prime factors of 3560?
2, 5, 89
What are the prime factors of 46052?
2, 29, 397
List the prime factors of 4624.
2, 17
What are the prime factors of 62454?
2, 3, 7, 1487
List the prime factors of 19252.
2, 4813
What are the prime factors of 2403?
3, 89
What are the prime factors of 3503?
31, 113
List the prime factors of 13702.
2, 13, 17, 31
List the prime factors of 84723.
3, 31, 911
List the prime factors of 24979.
24979
What are the prime factors of 113169?
3, 7, 17, 317
List the prime factors of 748.
2, 11, 17
List